{"id":666,"date":"2025-02-06T15:09:58","date_gmt":"2025-02-06T14:09:58","guid":{"rendered":"https:\/\/praktijkrelatiegeluk.nl\/?page_id=666"},"modified":"2026-04-07T14:15:01","modified_gmt":"2026-04-07T12:15:01","slug":"artikelen","status":"publish","type":"page","link":"https:\/\/praktijkrelatiegeluk.nl\/index.php\/artikelen\/","title":{"rendered":"Artikelen"},"content":{"rendered":"<div class=\"brz brz-root__container brz-reset-all brz-root__container-page\">\n<section id=\"h9yE3SW9XaSu_h9yE3SW9XaSu\" class=\"brz-section brz-css-d-section brz-css-5xdar2\">\n<div class=\"brz-section__content brz-section--boxed brz-css-d-sectionitem-bg brz-css-dae82s\" data-brz-custom-id=\"r60E8CmdhOlS\">\n<div class=\"brz-bg\">\n<div class=\"brz-bg-color\"><\/div>\n<\/div>\n<div class=\"brz-container brz-css-d-sectionitem-container brz-css-1bi07pc\">\n<div id=\"\" class=\"brz-css-d-wrapper brz-css-zotgk8 brz-wrapper\">\n<div class=\"brz-rich-text brz-rich-text__custom brz-css-d-richtext brz-css-1cegrsi\" data-brz-custom-id=\"bkR2CtMrwKNQ\">\n<div data-brz-translate-text=\"1\">\n<h1 class=\"brz-tp-lg-heading1 brz-fsft-lg-0 brz-fwdth-lg-100 brz-vfw-lg-400 brz-lh-lg-1_3 brz-ls-lg-m_1_5 brz-fw-lg-400 brz-fss-lg-px brz-fs-lg-46 brz-ft-google brz-ff-kaushan_script brz-css-j4Rgb\" data-uniq-id=\"mUncZ\" data-generated-css=\"brz-css-y0ank\"><span class=\"brz-italic-true brz-cp-color2\">Artikelen over relatie en counselling<\/span><\/h1>\n<\/div>\n<\/div>\n<\/div>\n<div id=\"\" class=\"brz-css-d-wrapper brz-css-mnzsih brz-wrapper\">\n<div class=\"brz-rich-text brz-rich-text__custom brz-css-d-richtext brz-css-1yi0ado\" data-brz-custom-id=\"dAphvH_JMglJ\">\n<div data-brz-translate-text=\"1\">\n<p class=\"brz-tp-lg-paragraph brz-css-ykIQN\" data-uniq-id=\"iD8JJ\" data-generated-css=\"brz-css-xs2Tc\"><span class=\"brz-cp-color2\">\u201cOp deze pagina vind je artikelen over relaties, relatieproblemen en persoonlijke ontwikkeling. Ik schrijf vanuit mijn praktijk in Oosterhout, met situaties die ik dagelijks tegenkom in gesprekken met stellen en individuen. Misschien herken je jezelf in \u00e9\u00e9n van de onderwerpen. Neem vooral de tijd om rond te kijken en te voelen wat bij jou raakt. Wil je daarna verder praten, dan ben je van harte welkom in mijn praktijk.\u201d<\/span><\/p>\n<\/div>\n<\/div>\n<\/div>\n<div id=\"\" class=\"brz-css-d-wrapper brz-css-r-wrapper brz-css-186lsew brz-wrapper\">\n<div class=\"brz-posts brz-css-d-posts brz-css-aan2b5\" data-brz-custom-id=\"x3EWtXwEP8A0\">\n<div class=\"brz-posts__wrapper\">\n<div class=\"brz-posts__item\">\n<div class=\"brz-columns brz-css-d-column-column brz-css-r-column-column brz-css-fdzz9w\" data-brz-custom-id=\"pmLWDU3PH8uD\">\n<div class=\"brz-column__items brz-css-d-column-bg brz-css-iryodz\">\n<div id=\"\" class=\"brz-css-d-wrapper brz-css-rrbjd5 brz-wrapper\">\n<div class=\"brz-image brz-css-d-image-q6fph52cweom-parent brz-css-wjx6oz\" data-brz-custom-id=\"q6fPH52cweom\"><img decoding=\"async\" class=\"brz-img\" src=\"https:\/\/praktijkrelatiegeluk.nl\/wp-content\/uploads\/brizy\/imgs\/stel-394x263x22x0x350x263x1737550551.jpg\" loading=\"lazy\" alt=\"Stel\" title=\"stel\"><\/div>\n<\/div>\n<div id=\"\" class=\"brz-css-d-wrapper brz-css-1b7nalk brz-wrapper\">\n<div class=\"brz-wp-title brz-css-d-wppoststitle brz-css-r-wppoststitle brz-css-t6qo9g\" data-brz-custom-id=\"mLVRV9Skav9H\"><span class=\"brz-wp-title-content\" style=\"min-height:20px\">Echt naar elkaar luisteren: de sleutel tot een sterke relatie<\/span><\/div>\n<\/div>\n<div class=\"brz-wrapper-clone brz-flex-xs-wrap brz-css-d-cloneable brz-css-14bv7oy\" data-brz-custom-id=\"tzQ8vmlJB_fg\"><a class=\"brz-a brz-btn brz-css-d-button brz-css-1dv0gll brz-css-d-button-bg brz-css-r-button-bg brz-css-1y2ez2b\" target=\"_self\" rel=\"noopener\" href=\"https:\/\/praktijkrelatiegeluk.nl\/index.php\/hello-world\/\" data-brz-link-type=\"external\" data-brz-custom-id=\"kBE7K30iM1SS\"><span data-brz-translate-text=\"1\" class=\"brz-span brz-text__editor\">Lees Artikel<\/span><\/a><\/div>\n<\/div>\n<\/div>\n<\/div>\n<div class=\"brz-posts__item\">\n<div class=\"brz-columns brz-css-d-column-column brz-css-r-column-column brz-css-fdzz9w\" data-brz-custom-id=\"pmLWDU3PH8uD\">\n<div class=\"brz-column__items brz-css-d-column-bg brz-css-iryodz\">\n<div id=\"\" class=\"brz-css-d-wrapper brz-css-rrbjd5 brz-wrapper\">\n<div class=\"brz-image brz-css-d-image-q6fph52cweom-parent brz-css-wjx6oz\" data-brz-custom-id=\"q6fPH52cweom\"><img decoding=\"async\" class=\"brz-img\" src=\"https:\/\/praktijkrelatiegeluk.nl\/wp-content\/uploads\/brizy\/imgs\/giraffes-394x263x22x0x350x263x1737555307.jpg\" loading=\"lazy\" alt=\"Verbindende Communicatie giraffes\" title=\"giraffes\"><\/div>\n<\/div>\n<div id=\"\" class=\"brz-css-d-wrapper brz-css-1b7nalk brz-wrapper\">\n<div class=\"brz-wp-title brz-css-d-wppoststitle brz-css-r-wppoststitle brz-css-t6qo9g\" data-brz-custom-id=\"mLVRV9Skav9H\"><span class=\"brz-wp-title-content\" style=\"min-height:20px\">Verbindende communicatie<\/span><\/div>\n<\/div>\n<div class=\"brz-wrapper-clone brz-flex-xs-wrap brz-css-d-cloneable brz-css-14bv7oy\" data-brz-custom-id=\"tzQ8vmlJB_fg\"><a class=\"brz-a brz-btn brz-css-d-button brz-css-1dv0gll brz-css-d-button-bg brz-css-r-button-bg brz-css-1y2ez2b\" target=\"_self\" rel=\"noopener\" href=\"https:\/\/praktijkrelatiegeluk.nl\/index.php\/verbindende-communicatie\/\" data-brz-link-type=\"external\" data-brz-custom-id=\"kBE7K30iM1SS\"><span data-brz-translate-text=\"1\" class=\"brz-span brz-text__editor\">Lees Artikel<\/span><\/a><\/div>\n<\/div>\n<\/div>\n<\/div>\n<div class=\"brz-posts__item\">\n<div class=\"brz-columns brz-css-d-column-column brz-css-r-column-column brz-css-fdzz9w\" data-brz-custom-id=\"pmLWDU3PH8uD\">\n<div class=\"brz-column__items brz-css-d-column-bg brz-css-iryodz\">\n<div id=\"\" class=\"brz-css-d-wrapper brz-css-rrbjd5 brz-wrapper\">\n<div class=\"brz-image brz-css-d-image-q6fph52cweom-parent brz-css-wjx6oz\" data-brz-custom-id=\"q6fPH52cweom\"><img decoding=\"async\" class=\"brz-img\" src=\"https:\/\/praktijkrelatiegeluk.nl\/wp-content\/uploads\/brizy\/imgs\/foto-yarah-en-Ingenio--scaled-350x466x0x101x350x263x1738838462.jpeg\" loading=\"lazy\" alt=\"\" title=\"foto yarah en Ingenio\"><\/div>\n<\/div>\n<div id=\"\" class=\"brz-css-d-wrapper brz-css-1b7nalk brz-wrapper\">\n<div class=\"brz-wp-title brz-css-d-wppoststitle brz-css-r-wppoststitle brz-css-t6qo9g\" data-brz-custom-id=\"mLVRV9Skav9H\"><span class=\"brz-wp-title-content\" style=\"min-height:20px\">Er is niet \u00e9\u00e9n waarheid: hoe perceptie je relatie be\u00efnvloedt<\/span><\/div>\n<\/div>\n<div class=\"brz-wrapper-clone brz-flex-xs-wrap brz-css-d-cloneable brz-css-14bv7oy\" data-brz-custom-id=\"tzQ8vmlJB_fg\"><a class=\"brz-a brz-btn brz-css-d-button brz-css-1dv0gll brz-css-d-button-bg brz-css-r-button-bg brz-css-1y2ez2b\" target=\"_self\" rel=\"noopener\" href=\"https:\/\/praktijkrelatiegeluk.nl\/index.php\/er-is-niet-een-waarheid-hoe-perceptie-je-relatie-beinvloedt\/\" data-brz-link-type=\"external\" data-brz-custom-id=\"kBE7K30iM1SS\"><span data-brz-translate-text=\"1\" class=\"brz-span brz-text__editor\">Lees Artikel<\/span><\/a><\/div>\n<\/div>\n<\/div>\n<\/div>\n<div class=\"brz-posts__item\">\n<div class=\"brz-columns brz-css-d-column-column brz-css-r-column-column brz-css-fdzz9w\" data-brz-custom-id=\"pmLWDU3PH8uD\">\n<div class=\"brz-column__items brz-css-d-column-bg brz-css-iryodz\">\n<div id=\"\" class=\"brz-css-d-wrapper brz-css-rrbjd5 brz-wrapper\">\n<div class=\"brz-image brz-css-d-image-q6fph52cweom-parent brz-css-wjx6oz\" data-brz-custom-id=\"q6fPH52cweom\"><img decoding=\"async\" class=\"brz-img\" src=\"https:\/\/praktijkrelatiegeluk.nl\/wp-content\/uploads\/brizy\/imgs\/old-couple-4872362_1280-393x263x21x0x350x263x1738920325.jpg\" loading=\"lazy\" alt=\"\" title=\"old-couple-4872362_1280\"><\/div>\n<\/div>\n<div id=\"\" class=\"brz-css-d-wrapper brz-css-1b7nalk brz-wrapper\">\n<div class=\"brz-wp-title brz-css-d-wppoststitle brz-css-r-wppoststitle brz-css-t6qo9g\" data-brz-custom-id=\"mLVRV9Skav9H\"><span class=\"brz-wp-title-content\" style=\"min-height:20px\">Van verwijt naar verbinding: hoe je ruzies in je relatie kunt ombuigen<\/span><\/div>\n<\/div>\n<div class=\"brz-wrapper-clone brz-flex-xs-wrap brz-css-d-cloneable brz-css-14bv7oy\" data-brz-custom-id=\"tzQ8vmlJB_fg\"><a class=\"brz-a brz-btn brz-css-d-button brz-css-1dv0gll brz-css-d-button-bg brz-css-r-button-bg brz-css-1y2ez2b\" target=\"_self\" rel=\"noopener\" href=\"https:\/\/praktijkrelatiegeluk.nl\/index.php\/van-verwijt-naar-verbinding-hoe-je-ruzies-in-je-relatie-kunt-ombuigen\/\" data-brz-link-type=\"external\" data-brz-custom-id=\"kBE7K30iM1SS\"><span data-brz-translate-text=\"1\" class=\"brz-span brz-text__editor\">Lees Artikel<\/span><\/a><\/div>\n<\/div>\n<\/div>\n<\/div>\n<div class=\"brz-posts__item\">\n<div class=\"brz-columns brz-css-d-column-column brz-css-r-column-column brz-css-fdzz9w\" data-brz-custom-id=\"pmLWDU3PH8uD\">\n<div class=\"brz-column__items brz-css-d-column-bg brz-css-iryodz\">\n<div id=\"\" class=\"brz-css-d-wrapper brz-css-rrbjd5 brz-wrapper\">\n<div class=\"brz-image brz-css-d-image-q6fph52cweom-parent brz-css-wjx6oz\" data-brz-custom-id=\"q6fPH52cweom\"><img decoding=\"async\" class=\"brz-img\" src=\"https:\/\/praktijkrelatiegeluk.nl\/wp-content\/uploads\/brizy\/imgs\/people-9323460_1280-350x519x0x127x350x263x1742541441.jpg\" loading=\"lazy\" alt=\"dansend koppel\" title=\"people-9323460_1280\"><\/div>\n<\/div>\n<div id=\"\" class=\"brz-css-d-wrapper brz-css-1b7nalk brz-wrapper\">\n<div class=\"brz-wp-title brz-css-d-wppoststitle brz-css-r-wppoststitle brz-css-t6qo9g\" data-brz-custom-id=\"mLVRV9Skav9H\"><span class=\"brz-wp-title-content\" style=\"min-height:20px\">Hechtingstheorie in volwassen partnerrelaties: Begrijp jezelf en je partner beter<\/span><\/div>\n<\/div>\n<div class=\"brz-wrapper-clone brz-flex-xs-wrap brz-css-d-cloneable brz-css-14bv7oy\" data-brz-custom-id=\"tzQ8vmlJB_fg\"><a class=\"brz-a brz-btn brz-css-d-button brz-css-1dv0gll brz-css-d-button-bg brz-css-r-button-bg brz-css-1y2ez2b\" target=\"_self\" rel=\"noopener\" href=\"https:\/\/praktijkrelatiegeluk.nl\/index.php\/hechtingstheorie-in-volwassen-partnerrelaties-begrijp-jezelf-en-je-partner-beter\/\" data-brz-link-type=\"external\" data-brz-custom-id=\"kBE7K30iM1SS\"><span data-brz-translate-text=\"1\" class=\"brz-span brz-text__editor\">Lees Artikel<\/span><\/a><\/div>\n<\/div>\n<\/div>\n<\/div>\n<\/div>\n<div class=\"brz-posts__pagination\"><\/div>\n<\/div>\n<\/div>\n<\/div>\n<\/div>\n<\/section><\/div>\n<p><!-- version:1774346780 --><\/p>\n","protected":false},"excerpt":{"rendered":"<p>Artikelen over relatie en counselling \u201cOp deze pagina vind je artikelen over relaties, relatieproblemen en persoonlijke ontwikkeling. Ik schrijf vanuit mijn praktijk in Oosterhout, met situaties die ik dagelijks tegenkom in gesprekken met stellen en individuen. Misschien herken je jezelf in \u00e9\u00e9n van de onderwerpen. Neem vooral de tijd om rond te kijken en te [&hellip;]<\/p>\n","protected":false},"author":1,"featured_media":0,"parent":0,"menu_order":0,"comment_status":"closed","ping_status":"closed","template":"brizy-blank-template.php","meta":{"footnotes":""},"class_list":["post-666","page","type-page","status-publish","hentry"],"blocksy_meta":[],"brizy_media":[],"_links":{"self":[{"href":"https:\/\/praktijkrelatiegeluk.nl\/index.php\/wp-json\/wp\/v2\/pages\/666","targetHints":{"allow":["GET"]}}],"collection":[{"href":"https:\/\/praktijkrelatiegeluk.nl\/index.php\/wp-json\/wp\/v2\/pages"}],"about":[{"href":"https:\/\/praktijkrelatiegeluk.nl\/index.php\/wp-json\/wp\/v2\/types\/page"}],"author":[{"embeddable":true,"href":"https:\/\/praktijkrelatiegeluk.nl\/index.php\/wp-json\/wp\/v2\/users\/1"}],"replies":[{"embeddable":true,"href":"https:\/\/praktijkrelatiegeluk.nl\/index.php\/wp-json\/wp\/v2\/comments?post=666"}],"version-history":[{"count":12,"href":"https:\/\/praktijkrelatiegeluk.nl\/index.php\/wp-json\/wp\/v2\/pages\/666\/revisions"}],"predecessor-version":[{"id":1955,"href":"https:\/\/praktijkrelatiegeluk.nl\/index.php\/wp-json\/wp\/v2\/pages\/666\/revisions\/1955"}],"wp:attachment":[{"href":"https:\/\/praktijkrelatiegeluk.nl\/index.php\/wp-json\/wp\/v2\/media?parent=666"}],"curies":[{"name":"wp","href":"https:\/\/api.w.org\/{rel}","templated":true}]}}